{"id":590,"date":"2018-05-21T16:00:05","date_gmt":"2018-05-21T14:00:05","guid":{"rendered":"http:\/\/produkty.pfed.pl\/?page_id=590"},"modified":"2020-02-13T14:52:41","modified_gmt":"2020-02-13T13:52:41","slug":"uslugi-kamieniarskie-poznan","status":"publish","type":"page","link":"http:\/\/sbud.eu\/index.php\/uslugi\/uslugi-kamieniarskie-poznan\/","title":{"rendered":"Us\u0142ugi Kamieniarskie"},"content":{"rendered":"<div class=\"wpb-content-wrapper\">[vc_row row_type=&#8221;row&#8221; use_row_as_full_screen_section=&#8221;no&#8221; type=&#8221;full_width&#8221; text_align=&#8221;left&#8221; background_animation=&#8221;none&#8221; css_animation=&#8221;&#8221;][vc_column][vc_empty_space height=&#8221;150px&#8221;][vc_column_text]\n<div id=\"page-content-single\">\n<div style=\"color: #000000;\">\n<h1 style=\"margin-bottom: 2em; font-size: 32px;\">Us\u0142ugi kamieniarskie &#8211; parapety kamienne \u2013\u00a0Pozna\u0144<\/h1>\n<p>Specjalizujemy si\u0119 w kompleksowych us\u0142ugach kamieniarskich \u2013 pomagamy na etapie koncepcyjno-projektowym, a nast\u0119pnie wykonujemy i montujemy zam\u00f3wione elementy. Nasi klienci mog\u0105 zam\u00f3wi\u0107 u nas\u00a0parapety kamienne\u00a0lub inne obiekty, kt\u00f3re zrealizujemy na terenie\u00a0Poznania. Mo\u017cemy pochwali\u0107 si\u0119 bardzo bogat\u0105 ofert\u0105 materia\u0142u kamieniarskiego.<\/p>\n<h2 style=\"margin-top: 1em;\"><strong>Pracujemy mi\u0119dzy innymi z:<\/strong><\/h2>\n<ul>\n<li>granitem,<\/li>\n<li>marmurem,<\/li>\n<li>piaskowcem,<\/li>\n<li>\u0142upkiem,<\/li>\n<li>trawertynem,<\/li>\n<li>konglomeratami\u00a0(marmurowy\u00a0i\u00a0kwarcytowy).<\/li>\n<\/ul>\n<p>&nbsp;<\/p>\n<h2><strong>W zale\u017cno\u015bci od indywidualnych oczekiwa\u0144 mo\u017cemy zaproponowa\u0107:<\/strong><\/h2>\n<ul>\n<li>studium\u00a0wykonawstwa,<\/li>\n<li>kompleksowo zrealizowane projekty, w tym na etapach koncepcyjnym i plastycznym,<\/li>\n<li>konsultacje pod adresem wskazanym przez klienta,<\/li>\n<li>profesjonalnie\u00a0wykonane\u00a0pomiary,<\/li>\n<li>monta\u017c\u00a0wykonanych\u00a0element\u00f3<\/li>\n<li>dok\u0142adn\u0105\u00a0wycen\u0119.<\/li>\n<\/ul>\n<p>&nbsp;<\/p>\n<p>Dostarczamy najr\u00f3\u017cniejsze elementy na terenie\u00a0Poznania, w tym\u00a0parapety kamienne, stopnie i elewacje, fontanny, tarasy, chodniki, mozaiki, blaty, kraw\u0119\u017cniki, kominki, baseny czy place manewrowe. Jeste\u015bmy otwarci na nowe wyzwania oraz ch\u0119tnie podejmiemy si\u0119 realizacji nietypowych element\u00f3w architektury zgodnie z indywidualnymi oczekiwaniami klienta. Mo\u017cna zdecydowa\u0107 si\u0119 na kompleksowe wsparcie lub wybi\u00f3rcze us\u0142ugi. Od niedawna proponujemy r\u00f3wnie\u017c pomoc inspektor\u00f3w nadzoru budowlanego w zakresie konsultacji oraz prowadzenia nadzoru nad realizowanymi pracami kamieniarskimi. Wsp\u00f3\u0142pracujemy z najlepszymi fachowcami, kt\u00f3rzy mog\u0105 pochwali\u0107 si\u0119 wieloma bran\u017cowymi wyr\u00f3\u017cnieniami oraz ponad 25-letnim do\u015bwiadczaniem. Kamienne surowce sprowadzamy od renomowanych producent\u00f3w, dzi\u0119ki czemu wykonaneparapety kamienne\u00a0lub inne elementy zachwycaj\u0105 estetycznymi walorami.<\/p>\n<p>&nbsp;<\/p>\n<p>Zapraszamy do kontaktu telefonicznego lub mailowego \u2013 postaramy si\u0119 jak najszybciej odpowiedzie\u0107 na Pa\u0144stwa pytania.<\/p>\n<\/div>\n<\/div>\n<div id=\"page-content-single\">\n<p>&nbsp;<\/p>\n<\/div>\n[\/vc_column_text][vc_empty_space height=&#8221;50px&#8221;][\/vc_column][\/vc_row]\n<\/div>","protected":false},"excerpt":{"rendered":"<p>[vc_row row_type=&#8221;row&#8221; use_row_as_full_screen_section=&#8221;no&#8221; type=&#8221;full_width&#8221; text_align=&#8221;left&#8221; background_animation=&#8221;none&#8221; css_animation=&#8221;&#8221;][vc_column][vc_empty_space height=&#8221;150px&#8221;][vc_column_text] Us\u0142ugi kamieniarskie &#8211; parapety kamienne \u2013\u00a0Pozna\u0144 Specjalizujemy si\u0119 w kompleksowych us\u0142ugach kamieniarskich \u2013 pomagamy na etapie koncepcyjno-projektowym, a nast\u0119pnie wykonujemy i montujemy zam\u00f3wione elementy. Nasi klienci mog\u0105 zam\u00f3wi\u0107 u nas\u00a0parapety kamienne\u00a0lub inne obiekty, kt\u00f3re zrealizujemy na terenie\u00a0Poznania&#8230;.<\/p>\n","protected":false},"author":1,"featured_media":0,"parent":57,"menu_order":0,"comment_status":"closed","ping_status":"closed","template":"","meta":{"_exactmetrics_skip_tracking":false,"_exactmetrics_sitenote_active":false,"_exactmetrics_sitenote_note":"","_exactmetrics_sitenote_category":0,"jetpack_post_was_ever_published":false,"footnotes":""},"yoast_head":"<!-- This site is optimized with the Yoast SEO plugin v23.5 - https:\/\/yoast.com\/wordpress\/plugins\/seo\/ -->\n<title>Parapety kamiennie - Us\u0142ugi Kamieniarskie | S-BUD - Pozna\u0144<\/title>\n<meta name=\"robots\" content=\"index, follow, max-snippet:-1, max-image-preview:large, max-video-preview:-1\" \/>\n<link rel=\"canonical\" href=\"http:\/\/sbud.eu\/index.php\/uslugi\/uslugi-kamieniarskie-poznan\/\" \/>\n<meta property=\"og:locale\" content=\"pl_PL\" \/>\n<meta property=\"og:type\" content=\"article\" \/>\n<meta property=\"og:title\" content=\"Parapety kamiennie - Us\u0142ugi Kamieniarskie | S-BUD - Pozna\u0144\" \/>\n<meta property=\"og:description\" content=\"[vc_row row_type=&#8221;row&#8221; use_row_as_full_screen_section=&#8221;no&#8221; type=&#8221;full_width&#8221; text_align=&#8221;left&#8221; background_animation=&#8221;none&#8221; css_animation=&#8221;&#8221;][vc_column][vc_empty_space height=&#8221;150px&#8221;][vc_column_text] Us\u0142ugi kamieniarskie &#8211; parapety kamienne \u2013\u00a0Pozna\u0144 Specjalizujemy si\u0119 w kompleksowych us\u0142ugach kamieniarskich \u2013 pomagamy na etapie koncepcyjno-projektowym, a nast\u0119pnie wykonujemy i montujemy zam\u00f3wione elementy. Nasi klienci mog\u0105 zam\u00f3wi\u0107 u nas\u00a0parapety kamienne\u00a0lub inne obiekty, kt\u00f3re zrealizujemy na terenie\u00a0Poznania....\" \/>\n<meta property=\"og:url\" content=\"http:\/\/sbud.eu\/index.php\/uslugi\/uslugi-kamieniarskie-poznan\/\" \/>\n<meta property=\"og:site_name\" content=\"S-BUD - Pozna\u0144\" \/>\n<meta property=\"article:modified_time\" content=\"2020-02-13T13:52:41+00:00\" \/>\n<meta name=\"twitter:card\" content=\"summary_large_image\" \/>\n<meta name=\"twitter:label1\" content=\"Szacowany czas czytania\" \/>\n\t<meta name=\"twitter:data1\" content=\"1 minuta\" \/>\n<script type=\"application\/ld+json\" class=\"yoast-schema-graph\">{\"@context\":\"https:\/\/schema.org\",\"@graph\":[{\"@type\":\"WebPage\",\"@id\":\"http:\/\/sbud.eu\/index.php\/uslugi\/uslugi-kamieniarskie-poznan\/\",\"url\":\"http:\/\/sbud.eu\/index.php\/uslugi\/uslugi-kamieniarskie-poznan\/\",\"name\":\"Parapety kamiennie - Us\u0142ugi Kamieniarskie | S-BUD - Pozna\u0144\",\"isPartOf\":{\"@id\":\"http:\/\/sbud.eu\/#website\"},\"datePublished\":\"2018-05-21T14:00:05+00:00\",\"dateModified\":\"2020-02-13T13:52:41+00:00\",\"breadcrumb\":{\"@id\":\"http:\/\/sbud.eu\/index.php\/uslugi\/uslugi-kamieniarskie-poznan\/#breadcrumb\"},\"inLanguage\":\"pl-PL\",\"potentialAction\":[{\"@type\":\"ReadAction\",\"target\":[\"http:\/\/sbud.eu\/index.php\/uslugi\/uslugi-kamieniarskie-poznan\/\"]}]},{\"@type\":\"BreadcrumbList\",\"@id\":\"http:\/\/sbud.eu\/index.php\/uslugi\/uslugi-kamieniarskie-poznan\/#breadcrumb\",\"itemListElement\":[{\"@type\":\"ListItem\",\"position\":1,\"name\":\"Strona g\u0142\u00f3wna\",\"item\":\"http:\/\/sbud.eu\/\"},{\"@type\":\"ListItem\",\"position\":2,\"name\":\"US\u0141UGI\",\"item\":\"http:\/\/sbud.eu\/index.php\/uslugi\/\"},{\"@type\":\"ListItem\",\"position\":3,\"name\":\"Us\u0142ugi Kamieniarskie\"}]},{\"@type\":\"WebSite\",\"@id\":\"http:\/\/sbud.eu\/#website\",\"url\":\"http:\/\/sbud.eu\/\",\"name\":\"S-BUD - Pozna\u0144\",\"description\":\"us\u0142ugi kamieniarskie Pozna\u0144, izolacje taras\u00f3w i schod\u00f3w Pozna\u0144, renowacje posadzek i blat\u00f3w.\",\"potentialAction\":[{\"@type\":\"SearchAction\",\"target\":{\"@type\":\"EntryPoint\",\"urlTemplate\":\"http:\/\/sbud.eu\/?s={search_term_string}\"},\"query-input\":{\"@type\":\"PropertyValueSpecification\",\"valueRequired\":true,\"valueName\":\"search_term_string\"}}],\"inLanguage\":\"pl-PL\"}]}<\/script>\n<!-- \/ Yoast SEO plugin. -->","yoast_head_json":{"title":"Parapety kamiennie - Us\u0142ugi Kamieniarskie | S-BUD - Pozna\u0144","robots":{"index":"index","follow":"follow","max-snippet":"max-snippet:-1","max-image-preview":"max-image-preview:large","max-video-preview":"max-video-preview:-1"},"canonical":"http:\/\/sbud.eu\/index.php\/uslugi\/uslugi-kamieniarskie-poznan\/","og_locale":"pl_PL","og_type":"article","og_title":"Parapety kamiennie - Us\u0142ugi Kamieniarskie | S-BUD - Pozna\u0144","og_description":"[vc_row row_type=&#8221;row&#8221; use_row_as_full_screen_section=&#8221;no&#8221; type=&#8221;full_width&#8221; text_align=&#8221;left&#8221; background_animation=&#8221;none&#8221; css_animation=&#8221;&#8221;][vc_column][vc_empty_space height=&#8221;150px&#8221;][vc_column_text] Us\u0142ugi kamieniarskie &#8211; parapety kamienne \u2013\u00a0Pozna\u0144 Specjalizujemy si\u0119 w kompleksowych us\u0142ugach kamieniarskich \u2013 pomagamy na etapie koncepcyjno-projektowym, a nast\u0119pnie wykonujemy i montujemy zam\u00f3wione elementy. Nasi klienci mog\u0105 zam\u00f3wi\u0107 u nas\u00a0parapety kamienne\u00a0lub inne obiekty, kt\u00f3re zrealizujemy na terenie\u00a0Poznania....","og_url":"http:\/\/sbud.eu\/index.php\/uslugi\/uslugi-kamieniarskie-poznan\/","og_site_name":"S-BUD - Pozna\u0144","article_modified_time":"2020-02-13T13:52:41+00:00","twitter_card":"summary_large_image","twitter_misc":{"Szacowany czas czytania":"1 minuta"},"schema":{"@context":"https:\/\/schema.org","@graph":[{"@type":"WebPage","@id":"http:\/\/sbud.eu\/index.php\/uslugi\/uslugi-kamieniarskie-poznan\/","url":"http:\/\/sbud.eu\/index.php\/uslugi\/uslugi-kamieniarskie-poznan\/","name":"Parapety kamiennie - Us\u0142ugi Kamieniarskie | S-BUD - Pozna\u0144","isPartOf":{"@id":"http:\/\/sbud.eu\/#website"},"datePublished":"2018-05-21T14:00:05+00:00","dateModified":"2020-02-13T13:52:41+00:00","breadcrumb":{"@id":"http:\/\/sbud.eu\/index.php\/uslugi\/uslugi-kamieniarskie-poznan\/#breadcrumb"},"inLanguage":"pl-PL","potentialAction":[{"@type":"ReadAction","target":["http:\/\/sbud.eu\/index.php\/uslugi\/uslugi-kamieniarskie-poznan\/"]}]},{"@type":"BreadcrumbList","@id":"http:\/\/sbud.eu\/index.php\/uslugi\/uslugi-kamieniarskie-poznan\/#breadcrumb","itemListElement":[{"@type":"ListItem","position":1,"name":"Strona g\u0142\u00f3wna","item":"http:\/\/sbud.eu\/"},{"@type":"ListItem","position":2,"name":"US\u0141UGI","item":"http:\/\/sbud.eu\/index.php\/uslugi\/"},{"@type":"ListItem","position":3,"name":"Us\u0142ugi Kamieniarskie"}]},{"@type":"WebSite","@id":"http:\/\/sbud.eu\/#website","url":"http:\/\/sbud.eu\/","name":"S-BUD - Pozna\u0144","description":"us\u0142ugi kamieniarskie Pozna\u0144, izolacje taras\u00f3w i schod\u00f3w Pozna\u0144, renowacje posadzek i blat\u00f3w.","potentialAction":[{"@type":"SearchAction","target":{"@type":"EntryPoint","urlTemplate":"http:\/\/sbud.eu\/?s={search_term_string}"},"query-input":{"@type":"PropertyValueSpecification","valueRequired":true,"valueName":"search_term_string"}}],"inLanguage":"pl-PL"}]}},"jetpack_sharing_enabled":true,"jetpack_shortlink":"https:\/\/wp.me\/Pal1uj-9w","_links":{"self":[{"href":"http:\/\/sbud.eu\/index.php\/wp-json\/wp\/v2\/pages\/590"}],"collection":[{"href":"http:\/\/sbud.eu\/index.php\/wp-json\/wp\/v2\/pages"}],"about":[{"href":"http:\/\/sbud.eu\/index.php\/wp-json\/wp\/v2\/types\/page"}],"author":[{"embeddable":true,"href":"http:\/\/sbud.eu\/index.php\/wp-json\/wp\/v2\/users\/1"}],"replies":[{"embeddable":true,"href":"http:\/\/sbud.eu\/index.php\/wp-json\/wp\/v2\/comments?post=590"}],"version-history":[{"count":18,"href":"http:\/\/sbud.eu\/index.php\/wp-json\/wp\/v2\/pages\/590\/revisions"}],"predecessor-version":[{"id":1438,"href":"http:\/\/sbud.eu\/index.php\/wp-json\/wp\/v2\/pages\/590\/revisions\/1438"}],"up":[{"embeddable":true,"href":"http:\/\/sbud.eu\/index.php\/wp-json\/wp\/v2\/pages\/57"}],"wp:attachment":[{"href":"http:\/\/sbud.eu\/index.php\/wp-json\/wp\/v2\/media?parent=590"}],"curies":[{"name":"wp","href":"https:\/\/api.w.org\/{rel}","templated":true}]}}